-104)/(-6) + 4/6. List the prime factors of (-2)/((-3)/q*56/882).
3, 7
Let w be ((-2)/(-4))/((-7)/98). Let h = w - -3. List the prime factors of -1*h/8*34.
17
Suppose -8*h + 20 = -4*h. Suppose -h*g - 2*x + 590 = 0, -g + 4*x + 14 = -126. What are the prime factors of g?
2, 3, 5
Let w = -60 + 56. What are the prime factors of (89*(-3 - w))/1?
89
Suppose -60 = -x + 2*x. Let g = x - -190. List the prime factors of g.
2, 5, 13
Let t = -468 + 794. Suppose 5*z + 3*j = 538, -2*j - t = -3*z - 3*j. What are the prime factors of z?
2, 5, 11
Let x(q) = 186*q**3 - 2*q**2 + 1. Let k be x(1). Let t = k + -96. What are the prime factors of t?
89
Let q(s) = 4*s**3 + 4*s**2 - 38*s - 28. What are the prime factors of q(10)?
2, 499
Suppose -2*w + 146 = 5*f + 1046, -2*f - 360 = -4*w. Let h = f + 274. What are the prime factors of h?
2, 47
Suppose -3*h = -4*g + 1166 + 173, -3*g = 2*h - 1000. List the prime factors of g.
2, 167
Let b(x) = -x**3 + 12*x**2 + 12*x - 2. List the prime factors of b(8).
2, 5, 7
Let h = 1136 - 611. List the prime factors of h.
3, 5, 7
Suppose -2*h = -2*k - 42, -5*k + 14 + 1 = 0. Suppose -3*u + h = -435. What are the prime factors of u?
3, 17
Let x(o) = -3*o**2 + 16*o + 13. Let l be x(6). List the prime factors of l/(-5) - 858/(-15).
3, 19
Let g = -91 + 136. What are the prime factors of g?
3, 5
Let c(q) = 2*q + 22. Let o be c(-11). Suppose -5*d + 5*l + 295 = 0, o = d - 0*l - 2*l - 61. Suppose 3*y - 210 + d = 0. What are the prime factors of y?
3, 17
Suppose 2*h + 20 = 6*h. Suppose o - 84 = h*m, -o = 3*m + m - 66. Suppose 2*a - 5*a + 9 = 0, 5*p + 3*a - o = 0. List the prime factors of p.
13
Let h(j) = 37*j - 4. Let z be h(12). Suppose 0 = -2*u + 5*u + p - z, u = p + 140. List the prime factors of u.
5, 29
Let z = -759 + 996. What are the prime factors of z?
3, 79
Suppose 3*o = 9*o - 2010. List the prime factors of o.
5, 67
Let j(t) = 59*t**2 - t + 3. What are the prime factors of j(1)?
61
Let x(c) = c**2 + 2*c - 4. Let d = -9 - -12. Suppose 2*u - 24 + 2 = 2*z, 0 = d*z + 3*u + 3. List the prime factors of x(z).
2, 5
Let q = 108 - -105. List the prime factors of q.
3, 71
Let r = -1164 - -3671. List the prime factors of r.
23, 109
Suppose 0 = -15*n - 841 + 2761. List the prime factors of n.
2
Suppose 4628 = -i + 14*i. What are the prime factors of i?
2, 89
Let g(q) be the second derivative of -q**5/20 - 2*q**4/3 + 7*q**3/6 - 3*q**2 + 5*q. Let d be g(-9). Let t = -8 + d. List the prime factors of t.
2
Let l(p) = -725*p + p**3 - 2*p**2 + 723*p + 5*p**2 + 2 + 4*p**2. Suppose 0*w - 2*w + 5*u = 9, -2*u = -w - 5. What are the prime factors of l(w)?
2
Let q = 0 + -2. Let i be q/3 + (-160)/(-15). List the prime factors of 454/i - 4/10.
3, 5
Suppose -4*l - 4*a + 513 + 71 = 0, 0 = -2*l - 4*a + 282. What are the prime factors of l?
151
Let g be (2 - 26/7)*(-434)/4. Suppose -5*h + g = -54. List the prime factors of h.
2, 3
Let f = -59 - -110. Let p = f - 7. List the prime factors of p.
2, 11
Suppose 4*k - 4*f + 22 = -f, -2*f + 20 = -4*k. Let j be -3 + -37*k/(-2). List the prime factors of (j/(-14))/(2/4).
11
Suppose -5*m + 360 = f, 4*f = 6*m - 3*m - 216. Let s be (-6)/27 - (-860)/(-18). Let u = m + s. List the prime factors of u.
2, 3
Let r(w) = 9*w**2 - 14*w - 109. List the prime factors of r(-15).
2, 1063
Let v(u) = -2*u**3 + 17*u**2 - u - 8. Let p(g) = -8*g - 3. Let z be p(-5). Let t = z + -29. List the prime factors of v(t).
2, 3
Let n be 1*-7*(-72)/42. Suppose 0 = -l + 4*p - 14, -2*p + n = 4*l - p. Suppose -2*h + z + 87 = h, -l*z - 29 = -h. List the prime factors of h.
29
Let h be (20 - 0) + 21/7. Suppose -4*y + 36 + 25 = 5*s, -3*s + y + h = 0. What are the prime factors of 2/(-9) + 191/s?
3, 7
Let h(s) = -s**3 - 5*s**2 - s - 5. Let o be h(-5). Suppose -f - 7 = -b, o*b = 5*b - 2*f - 29. Let g(z) = 5*z - 6. What are the prime factors of g(b)?
19
Suppose m = -5*v + 13, -v - v + 1 = -m. Suppose 2*x = 4*x + v. List the prime factors of 1*(-2 + 40 - x).
3, 13
Let p(u) = -55*u - 88. What are the prime factors of p(-3)?
7, 11
Suppose 4*s - 20 = 0, -i + 0*s + 5*s - 19 = 0. Suppose 3*x = x - 2. What are the prime factors of 172/i - x/3?
29
Suppose -5*h = -2*h - 6. Let q = 326 - 321. Suppose b - h*u = 4*b - 163, -q*b + u = -263. List the prime factors of b.
53
Let j(r) = r**3 + 11*r**2 + 5*r - 10. Suppose z + 19 = -2*n + 4*z, z + 7 = -n. Let p be j(n). Let v = -66 + p. What are the prime factors of v?
2, 19
Let r(l) be the first derivative of -2*l + 2*l**3 + 3/2*l**2 - 4. What are the prime factors of r(2)?
2, 7
Suppose 4*c - 29*c = -38075. What are the prime factors of c?
1523
Let s(t) = 4*t**2. Suppose -5*l + 4*l = -5. What are the prime factors of s(l)?
2, 5
Suppose 0 = -r - 0*r + 5. Let z = r + -41. List the prime factors of (z/(-15))/((-2)/(-15)).
2, 3
Suppose -8*z - 33 = 15. Let b = -10 + z. Let u = 35 + b. List the prime factors of u.
19
Suppose -5*o = -23*o + 11916. List the prime factors of o.
2, 331
Suppose -5*l - 20 = 0, -4*y = l + 4*l - 3728. What are the prime factors of y?
937
Let n(b) = b**2 + 4487. What are the prime factors of n(0)?
7, 641
Suppose -3*n - 16 = -7*n. Suppose n*t + t = -135. Let g = -19 - t. What are the prime factors of g?
2
Suppose 4*b - b + 68 = 5*n, -8 = -2*b. Suppose 0 = -0*w + 4*w - n. Let y(m) = 5*m - 2. List the prime factors of y(w).
2, 3
Let m be 6/(1/(8/12)). List the prime factors of (-1)/m + 621/36.
17
Let k = 15 - 13. Suppose -2*x - 8 = 0, -3*y - 2*x + 698 = k*x. What are the prime factors of y?
2, 7, 17
Suppose -19*n + 38859 = -6057. What are the prime factors of n?
2, 3, 197
Let k(w) = w**3 + 4*w**2 - w - 2. Let a be k(-4). Suppose 0 = -4*r + r - 3. What are the prime factors of 9 - (-1 + r) - a?
3
Suppose 0 = 71*o - 77*o + 9360. What are the prime factors of o?
2, 3, 5, 13
Let r = -1301 - -2866. What are the prime factors of r?
5, 313
Let n be ((-4)/(-5))/((-1)/(-5)). Let p(z) = -1 + 3 + 10*z - 2 + 2. List the prime factors of p(n).
2, 3, 7
Let q(v) = -2*v**3 + 5*v**2 - 21*v + 11. List the prime factors of q(-6).
7, 107
Suppose -2*f - 4*b = -1278, 3*f - 1732 - 170 = -b. List the prime factors of f.
3, 211
Let l be -1*2/2*13. Let x = 40 + l. What are the prime factors of x?
3
What are the prime factors of (8 + 4)/((-12)/(-2682))?
2, 3, 149
Let m = 3371 + -1624. What are the prime factors of m?
1747
Let d(i) = i + 8. Let x(a) = 1. Let h(u) = d(u) - 4*x(u). Let f be h(-8). Let y(p) = -9*p - 1. List the prime factors of y(f).
5, 7
Suppose 485 = -6*n + 1295. Let y = 257 - n. List the prime factors of y.
2, 61
Suppose 2*v + 5*h + 20 + 4 = 0, v - h + 12 = 0. What are the prime factors of v/(-3) - 2 - -42?
2, 11
Let n(p) = 34*p**3 + 3*p**2 + 3*p + 8. Let l be n(6). Suppose 1628 - l = -18*b. What are the prime factors of b?
5, 13
Suppose 0 = -5*m - 5, -v = 5*m - 3*m - 602. What are the prime factors of v?
2, 151
Suppose -v + 0*v + 119 = 0. Suppose d - v = -5. What are the prime factors of d?
2, 3, 19
Let f(g) = -g**3 + 34*g**2 + 9*g + 26. List the prime factors of f(34).
2, 83
Let m(w) = -10*w**3 - 2*w + 9. List the prime factors of m(-3).
3, 5, 19
What are the prime factors of (-47800)/(-32) - 9/12?
1493
Suppose 4*z + 2*o + 225 = 5*z, -o + 5 = 0. List the prime factors of z.
5, 47
Let g(i) = 7*i - 74. What are the prime factors of g(12)?
2, 5
List the prime factors of 8/48 + (-7809)/(-18).
2, 7, 31
Suppose -4*d = -2*d - 6, 3*i = -d - 72. Let j be (-5710)/(-25) - (-10)/i. Suppose -7*z + 3*z = -j. List the prime factors of z.
3, 19
Let l(w) = -w + 4. Let a be l(1). What are the prime factors of (4*(-116)/(-8))/(a/6)?
2, 29
Let f(b) = -b**3 + 12*b**2 + 35*b + 4. List the prime factors of f(13).
2, 5, 29
Let v = 1739 + -1040. List the prime factors of v.
3, 233
Let a = 6828 + -855. List the prime factors of a.
3, 11, 181
Let h(d) = -d**2 - 15*d + 8. Let w be h(-15). Suppose 0 = 5*m - w - 237. List the prime factors of m.
7
Let s be (-15)/2*(-56)/70. Suppose 2*f = 3*y + s*f + 4, 3*f = 2*y - 3. Suppose y = -i + 4*i - 15. What are the prime factors of i?
5
Suppose 5*q = 0, 2*n = 4*q + 5436 + 5336. What are the prime factors of n?
2, 2693
Suppose 8*w - 25 = 7. Suppose -2*f + 210 = -4*o, -5*o - w = -3*o. List the prime factors of f.
101
Let h(c) = -c**3 + 3*c**2 + 23*c - 6. List the prime factors of h(-7).
17, 19
Suppose -17